 and 47.
47
What is the greatest common divisor of 28 and 546?
14
What is the greatest common factor of 136 and 340?
68
Calculate the highest common divisor of 168 and 224.
56
What is the highest common divisor of 636 and 48?
12
Calculate the greatest common divisor of 3984 and 9.
3
Calculate the highest common factor of 4 and 452.
4
What is the highest common factor of 48 and 8304?
48
What is the highest common factor of 210 and 240?
30
Calculate the highest common divisor of 34 and 1139.
17
Calculate the highest common divisor of 42 and 12.
6
What is the highest common factor of 16 and 360?
8
What is the highest common divisor of 28 and 1358?
14
What is the highest common divisor of 34 and 170?
34
What is the greatest common factor of 48 and 7952?
16
What is the greatest common divisor of 14 and 322?
14
Calculate the greatest common divisor of 385 and 140.
35
What is the greatest common factor of 61 and 18?
1
Calculate the highest common divisor of 140 and 340.
20
What is the greatest common divisor of 90 and 2865?
15
Calculate the highest common divisor of 2106 and 52.
26
Calculate the highest common divisor of 11 and 451.
11
Calculate the highest common divisor of 6 and 30.
6
What is the greatest common divisor of 42 and 19586?
14
What is the highest common divisor of 1178 and 38?
38
What is the highest common factor of 6 and 1110?
6
Calculate the greatest common divisor of 84 and 3612.
84
What is the highest common divisor of 58 and 261?
29
Calculate the greatest common factor of 143 and 1157.
13
What is the highest common divisor of 187 and 204?
17
Calculate the greatest common divisor of 168 and 24.
24
What is the highest common factor of 8217 and 99?
99
What is the greatest common factor of 15 and 30?
15
Calculate the highest common factor of 112 and 70.
14
What is the highest common factor of 120 and 3240?
120
Calculate the highest common divisor of 76 and 14402.
38
What is the greatest common factor of 282 and 8601?
141
What is the greatest common factor of 44 and 44?
44
Calculate the highest common divisor of 4370 and 920.
230
What is the highest common factor of 1359 and 9?
9
Calculate the greatest common factor of 1092 and 6.
6
Calculate the greatest common factor of 1472 and 46.
46
Calculate the greatest common divisor of 555 and 333.
111
Calculate the highest common divisor of 195 and 24765.
195
Calculate the highest common factor of 93870 and 15.
15
What is the highest common divisor of 52 and 4?
4
Calculate the greatest common factor of 2290 and 20.
10
Calculate the greatest common divisor of 732 and 12.
12
What is the greatest common factor of 5397 and 14?
7
Calculate the greatest common factor of 16687 and 41.
41
Calculate the highest common factor of 405 and 90.
45
Calculate the greatest common factor of 14 and 46.
2
What is the greatest common divisor of 189 and 27?
27
Calculate the greatest common divisor of 98 and 112.
14
Calculate the greatest common factor of 217 and 2759.
31
What is the greatest common factor of 15264 and 53?
53
What is the greatest common divisor of 126 and 140?
14
What is the greatest common divisor of 7 and 56?
7
Calculate the greatest common factor of 147 and 189.
21
Calculate the highest common divisor of 232 and 87.
29
What is the greatest common divisor of 4356 and 264?
132
What is the highest common factor of 1188 and 264?
132
What is the highest common factor of 91 and 247?
13
What is the greatest common divisor of 63 and 25830?
63
What is the highest common divisor of 60 and 3090?
30
Calculate the greatest common factor of 190 and 310.
10
Calculate the greatest common factor of 2723 and 7.
7
Calculate the greatest common divisor of 286 and 52.
26
Calculate the highest common divisor of 82 and 2.
2
Calculate the highest common divisor of 885 and 75.
15
Calculate the greatest common factor of 1519 and 539.
49
What is the greatest common divisor of 427 and 7?
7
Calculate the greatest common divisor of 120 and 210.
30
Calculate the greatest common divisor of 126 and 2286.
18
Calculate the greatest common factor of 34 and 21454.
34
Calculate the highest common divisor of 282 and 13066.
94
Calculate the highest common factor of 1576 and 8.
8
Calculate the highest common divisor of 15 and 1365.
15
What is the greatest common divisor of 6479 and 99?
11
Calculate the highest common factor of 95 and 15.
5
What is the highest common factor of 14 and 750?
2
What is the highest common divisor of 11 and 737?
11
Calculate the highest common divisor of 1102 and 2494.
58
What is the highest common divisor of 2668 and 348?
116
What is the greatest common divisor of 44 and 99?
11
Calculate the greatest common factor of 94 and 3196.
94
Calculate the greatest common divisor of 3355 and 55.
55
What is the greatest common factor of 268 and 12?
4
Calculate the greatest common divisor of 9 and 54.
9
What is the greatest common divisor of 238 and 658?
14
What is the greatest common divisor of 105 and 21?
21
Calculate the greatest common divisor of 129 and 18.
3
Calculate the greatest common divisor of 42 and 54.
6
What is the highest common divisor of 4 and 52?
4
What is the highest common factor of 16 and 268?
4
Calculate the greatest common divisor of 1014 and 72.
6
Calculate the greatest common divisor of 33 and 209.
11
What is the greatest common factor of 7 and 427?
7
What is the greatest common factor of 496 and 620?
124
Calculate the highest common divisor of 2080 and 160.
160
Calculate the highest common divisor of 43 and 387.
43
Calculate the greatest common factor of 572 and 3328.
52
Calculate the greatest common factor of 4065 and 15.
15
Calculate the greatest common divisor of 2550 and 204.
102
What is the greatest common divisor of 8 and 680?
8
Calculate the greatest common factor of 88 and 128.
8
What is the highest common divisor of 133 and 21?
7
What is the greatest common divisor of 1639 and 176?
11
What is the greatest common divisor of 246 and 3608?
82
Calculate the greatest common factor of 320 and 2920.
40
What is the greatest common factor of 22 and 4202?
22
What is the highest common factor of 987 and 24?
3
What is the highest common factor of 3591 and 1064?
133
Calculate the highest common factor of 8 and 712.
8
Calculate the highest common factor of 36 and 24.
12
What is the highest common divisor of 402 and 603?
201
What is the greatest common divisor of 285 and 135?
15
What is the highest common factor of 37 and 481?
37
Calculate the highest common factor of 5880 and 2646.
294
What is the greatest common divisor of 28 and 1421?
7
Calculate the greatest common factor of 80 and 120.
40
Calculate the highest common factor of 82 and 7.
1
What is the highest common factor of 3156 and 12?
12
Calculate the greatest common divisor of 88 and 2320.
8
Calculate the greatest common divisor of 336 and 224.
112
What is the highest common divisor of 14064 and 96?
48
What is the highest common factor of 2769 and 429?
39
Calculate the greatest common factor of 9865 and 5.
5
What is the highest common factor of 189 and 56?
7
Calculate the greatest common factor of 4581 and 18.
9
Calculate the highest common divisor of 101 and 15857.
101
Calculate the greatest common factor of 128 and 35968.
128
What is the highest common factor of 585 and 165?
15
What is the highest common factor of 99 and 3141?
9
What is the greatest common factor of 2212 and 84?
28
Calculate the greatest common factor of 39 and 29.
1
What is the highest common divisor of 6 and 48?
6
Calculate the greatest common factor of 14 and 1589.
7
What is the highest common factor of 432 and 9864?
72
What is the greatest common factor of 183 and 61?
61
Calculate the highest common factor of 100 and 175.
25
What is the greatest common factor of 748 and 34?
34
Calculate the greatest common factor of 53 and 212.
53
What is the greatest common factor of 17 and 323?
17
What is the highest common factor of 396 and 108?
36
What is the greatest common factor of 164 and 574?
82
Calculate the highest common divisor of 1058 and 4.
2
Calculate the greatest common divisor of 12 and 3252.
12
What is the highest common divisor of 3 and 11559?
3
What is the greatest common divisor of 108840 and 60?
60
Calculate the highest common divisor of 425 and 391.
17
Calc